{"id":27,"date":"2016-10-17T23:28:37","date_gmt":"2016-10-17T21:28:37","guid":{"rendered":"http:\/\/kellertheaterweilheim.de\/?page_id=27"},"modified":"2025-09-16T20:38:30","modified_gmt":"2025-09-16T18:38:30","slug":"aktuelle-produktion","status":"publish","type":"page","link":"http:\/\/kellertheaterweilheim.de\/index.php\/aktuelle-produktion\/","title":{"rendered":"Aktuelle Produktion"},"content":{"rendered":"\n<figure class=\"wp-block-image size-large is-resized is-style-default\"><img decoding=\"async\" loading=\"lazy\" src=\"http:\/\/kellertheaterweilheim.de\/wp-content\/uploads\/2025\/09\/Das-perfekte-Desaster-Dinner-724x1024.jpg\" alt=\"Plakat des Theaterst\u00fcckes Das perfekte Desaster Dinner\" class=\"wp-image-307\" width=\"543\" height=\"768\" srcset=\"http:\/\/kellertheaterweilheim.de\/wp-content\/uploads\/2025\/09\/Das-perfekte-Desaster-Dinner-724x1024.jpg 724w, http:\/\/kellertheaterweilheim.de\/wp-content\/uploads\/2025\/09\/Das-perfekte-Desaster-Dinner-212x300.jpg 212w, http:\/\/kellertheaterweilheim.de\/wp-content\/uploads\/2025\/09\/Das-perfekte-Desaster-Dinner-768x1086.jpg 768w, http:\/\/kellertheaterweilheim.de\/wp-content\/uploads\/2025\/09\/Das-perfekte-Desaster-Dinner-1086x1536.jpg 1086w, http:\/\/kellertheaterweilheim.de\/wp-content\/uploads\/2025\/09\/Das-perfekte-Desaster-Dinner.jpg 1131w\" sizes=\"(max-width: 543px) 100vw, 543px\" \/><\/figure>\n\n\n\n<p class=\"has-text-align-center\">Derzeit proben wir flei\u00dfig das St\u00fcck <strong>&#8222;Das (perfekte) Desaster Dinner&#8220;<\/strong> &#8211; <\/p>\n\n\n\n<p class=\"has-text-align-center\">eine Kom\u00f6die von Marc Camoletti.<\/p>\n\n\n\n<p>Premiere: 07.11.2025 &#8211; 20:00Uhr<\/p>\n\n\n\n<p>08.11.2025 &#8211; 20:00Uhr<\/p>\n\n\n\n<p>15.11.2025 &#8211; 20:00Uhr <\/p>\n\n\n\n<p>16.11.2025 &#8211; 18:00Uhr<\/p>\n\n\n\n<p>21.11.2025 &#8211; 20:00Uhr<\/p>\n\n\n\n<p>22.11.2025 20:00 Uhr<\/p>\n\n\n\n<p>Der Kartenvorverkauf hat gestartet: Digital \u00fcber www.zuenftick.de oder lokal:<\/p>\n\n\n\n<p><sub>G\u00e4rtnerei Ferchl, Angerkapellenstra\u00dfe 16, 82362 Weilheim \u00d6ffnungszeiten: Mo-Fr: 8:30 Uhr &#8211; 12:30 Uhr\u00a0<br>In der lokalen Vorverkaufsstelle ist Bar-, EC-und Kreditkartenzahlung m\u00f6glich. 1,00\u20ac Servicegeb\u00fchr pro Ticket.<\/sub><\/p>\n\n\n\n<p><\/p>\n\n\n\n<p><\/p>\n","protected":false},"excerpt":{"rendered":"<p>Derzeit proben wir flei\u00dfig das St\u00fcck &#8222;Das (perfekte) Desaster Dinner&#8220; &#8211; eine Kom\u00f6die von Marc Camoletti. Premiere: 07.11.2025 &#8211; 20:00Uhr 08.11.2025 &#8211; 20:00Uhr 15.11.2025 &#8211; 20:00Uhr 16.11.2025 &#8211; 18:00Uhr 21.11.2025 &#8211; 20:00Uhr 22.11.2025 20:00 Uhr Der Kartenvorverkauf hat gestartet: Digital \u00fcber www.zuenftick.de oder lokal: G\u00e4rtnerei&nbsp;<a class=\"read-more\" href=\"http:\/\/kellertheaterweilheim.de\/index.php\/aktuelle-produktion\/\">&hellip;<\/a><\/p>\n","protected":false},"author":1,"featured_media":0,"parent":0,"menu_order":0,"comment_status":"closed","ping_status":"closed","template":"","meta":[],"_links":{"self":[{"href":"http:\/\/kellertheaterweilheim.de\/index.php\/wp-json\/wp\/v2\/pages\/27"}],"collection":[{"href":"http:\/\/kellertheaterweilheim.de\/index.php\/wp-json\/wp\/v2\/pages"}],"about":[{"href":"http:\/\/kellertheaterweilheim.de\/index.php\/wp-json\/wp\/v2\/types\/page"}],"author":[{"embeddable":true,"href":"http:\/\/kellertheaterweilheim.de\/index.php\/wp-json\/wp\/v2\/users\/1"}],"replies":[{"embeddable":true,"href":"http:\/\/kellertheaterweilheim.de\/index.php\/wp-json\/wp\/v2\/comments?post=27"}],"version-history":[{"count":27,"href":"http:\/\/kellertheaterweilheim.de\/index.php\/wp-json\/wp\/v2\/pages\/27\/revisions"}],"predecessor-version":[{"id":311,"href":"http:\/\/kellertheaterweilheim.de\/index.php\/wp-json\/wp\/v2\/pages\/27\/revisions\/311"}],"wp:attachment":[{"href":"http:\/\/kellertheaterweilheim.de\/index.php\/wp-json\/wp\/v2\/media?parent=27"}],"curies":[{"name":"wp","href":"https:\/\/api.w.org\/{rel}","templated":true}]}}